{"id":6699,"date":"2021-11-27T16:33:15","date_gmt":"2021-11-27T15:33:15","guid":{"rendered":"http:\/\/www.semlh-morbihan.fr\/wordpress\/?page_id=6699"},"modified":"2021-11-27T16:44:18","modified_gmt":"2021-11-27T15:44:18","slug":"organisation-detaillee-du-comite-de-ploermel-coetquidan","status":"publish","type":"page","link":"http:\/\/www.semlh-morbihan.fr\/wordpress\/organisation-detaillee-du-comite-de-ploermel-coetquidan\/","title":{"rendered":"Organisation d\u00e9taill\u00e9e du comit\u00e9 de Ploermel-Co\u00ebtquidan"},"content":{"rendered":"","protected":true},"excerpt":{"rendered":"","protected":true},"author":329,"featured_media":0,"parent":0,"menu_order":0,"comment_status":"closed","ping_status":"closed","template":"","meta":{"footnotes":""},"class_list":["post-6699","page","type-page","status-publish","post-password-required","hentry"],"_links":{"self":[{"href":"http:\/\/www.semlh-morbihan.fr\/wordpress\/wp-json\/wp\/v2\/pages\/6699","targetHints":{"allow":["GET"]}}],"collection":[{"href":"http:\/\/www.semlh-morbihan.fr\/wordpress\/wp-json\/wp\/v2\/pages"}],"about":[{"href":"http:\/\/www.semlh-morbihan.fr\/wordpress\/wp-json\/wp\/v2\/types\/page"}],"author":[{"embeddable":true,"href":"http:\/\/www.semlh-morbihan.fr\/wordpress\/wp-json\/wp\/v2\/users\/329"}],"replies":[{"embeddable":true,"href":"http:\/\/www.semlh-morbihan.fr\/wordpress\/wp-json\/wp\/v2\/comments?post=6699"}],"version-history":[{"count":1,"href":"http:\/\/www.semlh-morbihan.fr\/wordpress\/wp-json\/wp\/v2\/pages\/6699\/revisions"}],"predecessor-version":[{"id":6700,"href":"http:\/\/www.semlh-morbihan.fr\/wordpress\/wp-json\/wp\/v2\/pages\/6699\/revisions\/6700"}],"wp:attachment":[{"href":"http:\/\/www.semlh-morbihan.fr\/wordpress\/wp-json\/wp\/v2\/media?parent=6699"}],"curies":[{"name":"wp","href":"https:\/\/api.w.org\/{rel}","templated":true}]}}

Organisation détaillée du comité de Ploermel-Coëtquidan
